the units digit of 3/5 + h/t?
1
Let p(r) = r**2 + 10*r - 15. What is the units digit of p(-14)?
1
Suppose -2*b + 281 = k, -2*k + 3*k - 281 = 3*b. What is the units digit of k?
1
Let p be 8/(2 - (-1 - -1)). Suppose -5*m = -p*s - m + 64, 3*m = -4*s + 43. What is the units digit of s?
3
Suppose 15 + 21 = 3*l. Let u = l + -7. Suppose -3*y - 80 = -4*t, 28 = -u*y + 8. What is the tens digit of t?
1
Let x(g) = -18*g**3 - 7*g**2 + g - 1. Let d(s) = 37*s**3 + 13*s**2 - 2*s + 2. Let y(f) = 6*d(f) + 11*x(f). What is the units digit of y(1)?
5
Suppose 0*r = -2*r + 2*s + 360, -3*s = 12. What is the units digit of r?
6
Suppose -999 + 309 = -10*t. What is the units digit of t?
9
Let k(s) = -s - 1. Let t be k(-4). Suppose -t*b = 2*b - 50. What is the units digit of b?
0
Suppose 3*t - 8 = 4. Suppose -y + t*f = -0*f + 15, f + 15 = 4*y. Let m = 3 + y. What is the units digit of m?
8
Let m = 8 - 5. Let f = -5 + m. What is the units digit of (-1)/(f/4*2)?
1
Suppose 0 = -3*n + 2*g + 224, -2*n + 0*g = -3*g - 146. Let j = n + -37. What is the units digit of j?
9
Let q(g) = -g**3 + 4*g**2 + 5*g + 5. Suppose -5*i + 12 + 15 = 2*x, 28 = 5*i + 3*x. What is the units digit of q(i)?
5
What is the tens digit of 27/6*(0 + (-380)/(-15))?
1
Suppose -40 = 2*k - 7*k. What is the units digit of ((-13)/4)/((-2)/k)?
3
Let m = -54 + 120. Suppose -5*r = -2*r - m. What is the tens digit of r?
2
Let c(v) = -v + 13. Let n(j) be the first derivative of -7*j**4/4 - j**3/3 - j**2/2 - j + 2. Let f be n(-1). What is the units digit of c(f)?
7
Suppose x - 3*x - 4*t = -244, 4*t = 5*x - 610. Suppose 3*r + 9 = -0*r, -x = -5*d - r. What is the units digit of d?
5
Let b(r) = r**2 + 6*r + 1. Let m be b(-6). Let i(f) = 23*f**3 + 2*f**2 - 1. What is the units digit of i(m)?
4
Let h = 100 - 55. Let k = 70 - h. What is the tens digit of k?
2
Let j(g) = 99*g**3 + 1. Let v be j(1). Suppose -4*h + 0*h - v = 0. Let k = -11 - h. What is the units digit of k?
4
Suppose -2*r = -5*r + 2*b - 27, 9 = -3*r - 4*b. Let z = r - -11. What is the units digit of z?
4
Let h(a) = -a**3 + 4*a**2 + 7*a - 2. Let s be h(5). Let q = s + -17. Let b = q - -14. What is the units digit of b?
5
What is the hundreds digit of (-2541)/(-15) + (-4)/10?
1
Let p(u) = u**3 - 4*u**2 - 2. Let g be p(4). Let y = g + 3. What is the units digit of y?
1
Let c(x) = -x**2 - 4*x - 3. Let f be c(-2). Let r be (-8)/20*(-24 - f). Suppose -3*z - 2*z = -r. What is the units digit of z?
2
Suppose 4*x + x - 45 = 0. Suppose 0 = -5*v + 10, 3*d - x = 2*v - 5*v. What is the units digit of d?
1
Suppose 3*n + 65 = 8*n. What is the tens digit of n?
1
Suppose -2*v = 3*v + 135. Let n = v + 14. Let y = -7 - n. What is the units digit of y?
6
Suppose -13*d = -10*d - 60. What is the units digit of d?
0
Let q be (-3)/5 + (-276)/(-10). What is the tens digit of (-9)/q + 64/3?
2
Suppose 0 = -2*h + 5*t + 243, -301 + 52 = -2*h - t. Suppose -g + 40 = -2*u + 98, 4*g + h = 4*u. What is the units digit of u?
7
Let k = -139 + 362. What is the hundreds digit of k?
2
Let a(j) = -j - 3. Suppose -3*b + 4*b + 1 = 0. Let z be 1/b*(8 + -2). What is the units digit of a(z)?
3
Let g = 8 + -7. Let d be (g*7)/((-5)/(-20)). Suppose -2*j + 34 - 1 = -3*p, -d = -2*j - 2*p. What is the tens digit of j?
1
Let c = 27 - -33. What is the units digit of c?
0
Let p = 16 - -12. Suppose -a = 3*a + p. Let o = 1 - a. What is the units digit of o?
8
Let o be ((-5)/((-5)/(-2)))/1. Let b = 5 - o. What is the units digit of b?
7
What is the tens digit of (-14)/7 - 11*-11?
1
What is the units digit of 2807/133 + (-4)/38?
1
Suppose 5*t - 8 = -3*j + 4, 4*t + 3*j - 9 = 0. Suppose 4*f = t*u - 77, -u + 31 = -f + 7. What is the tens digit of u?
1
Let n(t) = -t**3 + 18*t**2 - 15*t + 7. What is the tens digit of n(17)?
4
Suppose b + 2*b - 543 = -3*k, -4*k + 3*b = -731. What is the hundreds digit of k?
1
Suppose 0 = -12*j + 479 + 289. What is the tens digit of j?
6
Let w be 1/(-4) + (-42)/24. Let c = w + 4. What is the units digit of c?
2
Let t(s) = s**2 - 5*s - 9. Let f be t(7). Let z(d) = -d**2 + 6*d - 2. What is the units digit of z(f)?
3
Suppose 3*b + 13 = -2*f + 81, 2*f = 5*b + 52. Let w = f - 15. What is the units digit of w?
6
Let q(h) = -h - 4. Let o be q(-4). Let b = 1 + o. What is the units digit of (-4 - -5)/(b + 0)?
1
Let j(g) = -g**2 - 5*g - 4. Let u be j(-4). Suppose -r = 4*m - 36 + 1, -3*r - 4*m + 81 = u. What is the tens digit of r?
2
Suppose -4*h = -h - 201. Suppose -11 = -2*m + h. What is the units digit of m?
9
Let z(w) = 23*w**3 + 2*w**2 + w - 1. Let l be z(2). Suppose -23 = 5*k - l. What is the tens digit of k?
3
Suppose -307 = -0*j - 3*j - 4*x, -5*j + 530 = 3*x. What is the tens digit of j?
0
Let d(w) = w + 13. Let v be d(-9). Suppose 2*m = 3*m - v. What is the units digit of m?
4
Let n = 19 + -13. Suppose -n = 3*z - 3*b, -5*b + 19 = 7*z - 3*z. Suppose -t + 17 = -5*k, 0*t - k = t + z. What is the units digit of t?
2
Let x(q) = q**2 + 5*q + 3. What is the units digit of x(-5)?
3
Let d = 18 - -41. What is the tens digit of d?
5
Let m(y) = 2*y**2 + y - 3. Let h be m(-3). Suppose 2*s + h = 5*o, s + 8 = 6*s - 3*o. Suppose 6 + 14 = s*l. What is the units digit of l?
5
Let m(u) = 3*u**3 - 3*u**2 + 7*u - 7*u + 1. What is the tens digit of m(2)?
1
Let l(i) = 20*i**2 - 3*i - 8. What is the hundreds digit of l(3)?
1
Suppose -3 = 3*w - 0, -5*f + 5*w = -450. What is the units digit of f?
9
What is the tens digit of (-11 - -14)*(-8)/(-1)?
2
Let s be (-11)/(1 - (-1 - -1)). Let t be (s - -1)*(0 - 3). Let g = t - 18. What is the tens digit of g?
1
Let h = -20 - -34. What is the tens digit of h?
1
Suppose 0*t = -4*t + 120. What is the tens digit of t?
3
Suppose v = -7 + 5. What is the units digit of (7 + -3)/(v/(-3))?
6
Suppose 0 = -2*k - 0*k - 2*i, 0 = k + 4*i + 6. Suppose -g = k*g - 39. What is the tens digit of g?
1
Suppose 19 = -5*c + w, -2*w + 3*w - 1 = -c. What is the units digit of 1/c - 48/(-9)?
5
Let b = 6 + 6. Suppose 3*x + b = 2*k, -3*k - 5*x = -8 - 10. Suppose k + 0 = 2*h - 2*u, -u = -5. What is the units digit of h?
8
Suppose -3*n + n = -118. What is the tens digit of n?
5
Let k(v) = v**2 - 4*v + 1. Let b be k(4). Suppose -3*t + 4 = b. Suppose -t = -4*i - 5*m + 2, -i = 4*m + 2. What is the units digit of i?
2
Suppose 4*m + 33 = -3. Let v = -14 - m. Let d = 11 + v. What is the units digit of d?
6
Suppose 0 = -2*j - 2*o + 128, 5*o = -21 - 4. What is the tens digit of j?
6
Let m(q) be the first derivative of q**4/4 + 5*q**3/3 + q**2 - q + 1. What is the tens digit of m(-3)?
1
What is the tens digit of (-14)/70 + (-261)/(-5)?
5
Let h(b) = b**3 + b**2 - b + 50. Let v be h(0). Suppose 0 = 4*z - 9 - 7, z + v = 3*u. What is the tens digit of u?
1
Let i(j) = -j - 1. Let d be i(-3). What is the units digit of d/(-2) - 4*-3?
1
Suppose 0 = 3*n - 5 + 35. Let z(q) = -q**2 - 10*q + 14. What is the units digit of z(n)?
4
Let j(v) = 13*v - 3. Let b be j(1). Let p(d) = -3*d - 2*d + 6*d - 3. What is the units digit of p(b)?
7
Suppose -d - 2*m - 3*m = -191, 2*d = 4*m + 354. What is the units digit of d?
1
Let c be (-12)/14*42/(-9). Let d(o) = 2*o**2 - 4*o + 5. What is the tens digit of d(c)?
2
Let u be (-22 - 8)*2/(-5). Suppose -x + 8 = 2*z, 5*x + 2*z - u = 12. What is the units digit of x?
4
Let b = -2 + 2. Suppose 0 = -4*u - b*u + 24. What is the units digit of (21/(-9))/((-2)/u)?
7
Suppose -2*h - 10 = -7*h. Let q(s) = 0*s**2 + 8*s + 4*s**2 + s**h - s**3 - 5. What is the units digit of q(6)?
7
Let m be 77 + 1 + (-1 - 3). Let q = -19 + m. Suppose 3*c - q = 2*i - 8, -38 = -2*c + 3*i. What is the tens digit of c?
1
Let r(t) = -3*t - 2. Let k be r(-2). Suppose 0*j = -j + k. What is the units digit of (-1)/j + (-84)/(-16)?
5
Suppose -417 - 51 = -6*q. What is the units digit of q?
8
Let a = -52 + 124. What is the tens digit of a?
7
Let k(g) = -g**3 - 4*g**2 - 2*g + 2. Let r be k(-2). Let s be (3/(-1))/(3 + r). What is the units digit of -6*1*(2 + s)?
6
Suppose 5*o = -4 + 14. Suppose -20 = -2*g - o*c, 0 = 3*g + c - 0*c - 40. What is the tens digit of g?
1
Let l = -6 + -4. Let g = l + 16. What is the units digit of g?
6
Let g(c) = -c**3 - 6*c**2 + 13*c - 7. What is the hundreds digit of g(-9)?
1
Let b = 9 - 1. What is the units digit of b - -3 - (-1)/(-1)?
0
Let o(l) = -2*l**3 - l**2 - 3. Let b be (3 - 5)*6/4. Let g be